{"id":2721,"date":"2023-06-30T19:58:51","date_gmt":"2023-06-30T19:58:51","guid":{"rendered":"https:\/\/iespecialidades.com\/demo\/?page_id=2721"},"modified":"2025-03-28T17:10:02","modified_gmt":"2025-03-28T17:10:02","slug":"por-que-somos-una-empresa-bic","status":"publish","type":"page","link":"https:\/\/iespecialidades.com\/demo\/por-que-somos-una-empresa-bic\/","title":{"rendered":"Por que somos una empresa BIC"},"content":{"rendered":"\t\t<div data-elementor-type=\"wp-page\" data-elementor-id=\"2721\" class=\"elementor elementor-2721\" data-elementor-post-type=\"page\">\n\t\t\t\t<div class=\"elementor-element elementor-element-bcf3b75 e-flex e-con-boxed e-con e-parent\" data-id=\"bcf3b75\" data-element_type=\"container\" data-e-type=\"container\" data-settings=\"{&quot;background_background&quot;:&quot;video&quot;,&quot;background_video_link&quot;:&quot;https:\\\/\\\/www.youtube.com\\\/watch?v=ApJ4zNNV9as&amp;feature=youtu.be&quot;,&quot;background_play_on_mobile&quot;:&quot;yes&quot;}\">\n\t\t\t\t\t<div class=\"e-con-inner\">\n\t\t<div class=\"elementor-background-video-container\">\n\t\t\t\t\t\t\t<div class=\"elementor-background-video-embed\" role=\"presentation\"><\/div>\n\t\t\t\t\t\t<\/div>\t\t<div class=\"elementor-element elementor-element-63e808c elementor-widget elementor-widget-spacer\" data-id=\"63e808c\" data-element_type=\"widget\" data-e-type=\"widget\" data-widget_type=\"spacer.default\">\n\t\t\t\t\t\t\t<div class=\"elementor-spacer\">\n\t\t\t<div class=\"elementor-spacer-inner\"><\/div>\n\t\t<\/div>\n\t\t\t\t\t\t<\/div>\n\t\t\t\t<div class=\"elementor-element elementor-element-358985d elementor-widget elementor-widget-heading\" data-id=\"358985d\" data-element_type=\"widget\" data-e-type=\"widget\" data-widget_type=\"heading.default\">\n\t\t\t\t\t<h1 class=\"elementor-heading-title elementor-size-default\">\u00a1Ahora somos una empresa BIC!<\/h1>\t\t\t\t<\/div>\n\t\t\t\t<div class=\"elementor-element elementor-element-93b35b8 elementor-widget elementor-widget-text-editor\" data-id=\"93b35b8\" data-element_type=\"widget\" data-e-type=\"widget\" data-widget_type=\"text-editor.default\">\n\t\t\t\t\t\t\t\t\t<p>Nos unimos a la nueva generaci\u00f3n en empresas con prop\u00f3sito<\/p>\t\t\t\t\t\t\t\t<\/div>\n\t\t\t\t\t<\/div>\n\t\t\t\t<\/div>\n\t\t<div class=\"elementor-element elementor-element-6e42c8c e-flex e-con-boxed e-con e-parent\" data-id=\"6e42c8c\" data-element_type=\"container\" data-e-type=\"container\">\n\t\t\t\t\t<div class=\"e-con-inner\">\n\t\t\t\t<div class=\"elementor-element elementor-element-2522853 elementor-widget elementor-widget-text-editor\" data-id=\"2522853\" data-element_type=\"widget\" data-e-type=\"widget\" data-widget_type=\"text-editor.default\">\n\t\t\t\t\t\t\t\t\t<p>Las Empresas BIC son aquellas que han sido reconocidas por el gobierno y cumplen con los criterios establecidos para acceder a incentivos tributarios, con el objetivo de fomentar la inversi\u00f3n, el crecimiento y el fortalecimiento de sectores clave para el desarrollo econ\u00f3mico y social del pa\u00eds.<\/p><p>Esta distinci\u00f3n nos sit\u00faa en un selecto grupo de empresas comprometidas con el progreso, la responsabilidad social y ambiental, y el impulso de soluciones innovadoras que contribuyan al bienestar de nuestra sociedad.<\/p>\t\t\t\t\t\t\t\t<\/div>\n\t\t\t\t\t<\/div>\n\t\t\t\t<\/div>\n\t\t<div class=\"elementor-element elementor-element-a65b2f7 e-flex e-con-boxed e-con e-parent\" data-id=\"a65b2f7\" data-element_type=\"container\" data-e-type=\"container\">\n\t\t\t\t\t<div class=\"e-con-inner\">\n\t\t<div class=\"elementor-element elementor-element-7b761d2 e-con-full e-flex e-con e-child\" data-id=\"7b761d2\" data-element_type=\"container\" data-e-type=\"container\">\n\t\t\t\t<div class=\"elementor-element elementor-element-22a557f elementor-widget elementor-widget-image\" data-id=\"22a557f\" data-element_type=\"widget\" data-e-type=\"widget\" data-widget_type=\"image.default\">\n\t\t\t\t\t\t\t\t\t\t\t\t\t\t\t<img fetchpriority=\"high\" decoding=\"async\" width=\"768\" height=\"768\" src=\"https:\/\/iespecialidades.com\/demo\/wp-content\/uploads\/2023\/07\/Diseno-sin-titulo-58-768x768.png\" class=\"attachment-medium_large size-medium_large wp-image-2733\" alt=\"\" srcset=\"https:\/\/iespecialidades.com\/demo\/wp-content\/uploads\/2023\/07\/Diseno-sin-titulo-58-768x768.png 768w, https:\/\/iespecialidades.com\/demo\/wp-content\/uploads\/2023\/07\/Diseno-sin-titulo-58-300x300.png 300w, https:\/\/iespecialidades.com\/demo\/wp-content\/uploads\/2023\/07\/Diseno-sin-titulo-58-1024x1024.png 1024w, https:\/\/iespecialidades.com\/demo\/wp-content\/uploads\/2023\/07\/Diseno-sin-titulo-58-150x150.png 150w, https:\/\/iespecialidades.com\/demo\/wp-content\/uploads\/2023\/07\/Diseno-sin-titulo-58.png 1080w\" sizes=\"(max-width: 768px) 100vw, 768px\" \/>\t\t\t\t\t\t\t\t\t\t\t\t\t\t\t<\/div>\n\t\t\t\t<\/div>\n\t\t<div class=\"elementor-element elementor-element-b90209c e-con-full e-flex e-con e-child\" data-id=\"b90209c\" data-element_type=\"container\" data-e-type=\"container\">\n\t\t\t\t<div class=\"elementor-element elementor-element-dc426a5 elementor-widget elementor-widget-heading\" data-id=\"dc426a5\" data-element_type=\"widget\" data-e-type=\"widget\" data-widget_type=\"heading.default\">\n\t\t\t\t\t<h2 class=\"elementor-heading-title elementor-size-default\">Nuestra Contribuci\u00f3n a la Sostenibilidad<\/h2>\t\t\t\t<\/div>\n\t\t\t\t<div class=\"elementor-element elementor-element-e56586f elementor-widget elementor-widget-text-editor\" data-id=\"e56586f\" data-element_type=\"widget\" data-e-type=\"widget\" data-widget_type=\"text-editor.default\">\n\t\t\t\t\t\t\t\t\t<p>En Ahora Ingtec Especialidades, la sostenibilidad es uno de los pilares fundamentales de nuestra cultura empresarial. Estamos conscientes de que nuestras acciones y decisiones pueden tener un impacto significativo en el entorno que nos rodea y en las comunidades en las que operamos.<\/p><p>Hemos asumido el desaf\u00edo de integrar las cinco dimensiones clave de las empresas BIC:<\/p>\t\t\t\t\t\t\t\t<\/div>\n\t\t\t\t<\/div>\n\t\t\t\t\t<\/div>\n\t\t\t\t<\/div>\n\t\t<div class=\"elementor-element elementor-element-60b942e e-flex e-con-boxed e-con e-parent\" data-id=\"60b942e\" data-element_type=\"container\" data-e-type=\"container\">\n\t\t\t\t\t<div class=\"e-con-inner\">\n\t\t\t\t<div class=\"elementor-element elementor-element-2b4f353 elementor-widget elementor-widget-text-editor\" data-id=\"2b4f353\" data-element_type=\"widget\" data-e-type=\"widget\" data-widget_type=\"text-editor.default\">\n\t\t\t\t\t\t\t\t\t<ol><li><p><strong>Crecimiento Econ\u00f3mico<\/strong>: Continuamos fortaleciendo nuestras capacidades y competitividad, contribuyendo as\u00ed al crecimiento econ\u00f3mico de nuestro pa\u00eds y generando empleo de calidad para nuestra comunidad.<\/p><\/li><li><p><strong>Equidad y Desarrollo Social<\/strong>: Nos preocupamos por promover la equidad en todas nuestras operaciones, asegurando el bienestar de nuestros colaboradores y su desarrollo profesional, as\u00ed como apoyando proyectos sociales que mejoren la calidad de vida de las personas en nuestro entorno.<\/p><\/li><li><p><strong>Responsabilidad Ambiental<\/strong>: Somos conscientes de nuestro papel como custodios del medio ambiente. Implementamos pr\u00e1cticas responsables para reducir nuestro impacto ecol\u00f3gico y promover la adopci\u00f3n de soluciones sostenibles en nuestros procesos y productos.<\/p><\/li><li><p><strong>Innovaci\u00f3n y Tecnolog\u00eda<\/strong>: La innovaci\u00f3n es el motor de nuestro crecimiento. Invertimos en investigaci\u00f3n y desarrollo para estar a la vanguardia de la tecnolog\u00eda y ofrecer soluciones cada vez m\u00e1s eficientes y amigables con el medio ambiente.<\/p><\/li><li><p><strong>Gobernanza y \u00c9tica<\/strong>: Nos regimos por altos est\u00e1ndares de gobernanza y \u00e9tica empresarial. Fomentamos una cultura de transparencia, integridad y responsabilidad en todas nuestras relaciones con clientes, proveedores y stakeholders.<\/p><\/li><\/ol>\t\t\t\t\t\t\t\t<\/div>\n\t\t\t\t\t<\/div>\n\t\t\t\t<\/div>\n\t\t<div class=\"elementor-element elementor-element-76b8f59 e-flex e-con-boxed e-con e-parent\" data-id=\"76b8f59\" data-element_type=\"container\" data-e-type=\"container\">\n\t\t\t\t\t<div class=\"e-con-inner\">\n\t\t<div class=\"elementor-element elementor-element-5605be3 e-con-full e-flex e-con e-child\" data-id=\"5605be3\" data-element_type=\"container\" data-e-type=\"container\">\n\t\t\t\t<div class=\"elementor-element elementor-element-7eb82d7 elementor-widget elementor-widget-heading\" data-id=\"7eb82d7\" data-element_type=\"widget\" data-e-type=\"widget\" data-widget_type=\"heading.default\">\n\t\t\t\t\t<h2 class=\"elementor-heading-title elementor-size-default\">Nuestro Compromiso Futuro<\/h2>\t\t\t\t<\/div>\n\t\t\t\t<div class=\"elementor-element elementor-element-701f26b elementor-widget elementor-widget-text-editor\" data-id=\"701f26b\" data-element_type=\"widget\" data-e-type=\"widget\" data-widget_type=\"text-editor.default\">\n\t\t\t\t\t\t\t\t\t<p>Como Empresa BIC, estamos convencidos de que nuestro compromiso con la sostenibilidad y la responsabilidad social es un camino continuo. Continuaremos trabajando arduamente para marcar la diferencia en nuestra industria y ser un ejemplo a seguir en cuanto a pr\u00e1cticas empresariales sostenibles.<\/p><p>Agradecemos a nuestros colaboradores, clientes, proveedores y aliados por ser parte de este emocionante viaje hacia un futuro m\u00e1s pr\u00f3spero y sostenible. Juntos, construiremos un mundo mejor y m\u00e1s consciente.<\/p>\t\t\t\t\t\t\t\t<\/div>\n\t\t\t\t<\/div>\n\t\t<div class=\"elementor-element elementor-element-0be431a e-con-full e-flex e-con e-child\" data-id=\"0be431a\" data-element_type=\"container\" data-e-type=\"container\">\n\t\t\t\t<div class=\"elementor-element elementor-element-d762515 elementor-widget elementor-widget-image\" data-id=\"d762515\" data-element_type=\"widget\" data-e-type=\"widget\" data-widget_type=\"image.default\">\n\t\t\t\t\t\t\t\t\t\t\t\t\t\t\t<img decoding=\"async\" width=\"768\" height=\"768\" src=\"https:\/\/iespecialidades.com\/demo\/wp-content\/uploads\/2023\/07\/Diseno-sin-titulo-57-768x768.png\" class=\"attachment-medium_large size-medium_large wp-image-2732\" alt=\"por que somos una empresa BIC\" srcset=\"https:\/\/iespecialidades.com\/demo\/wp-content\/uploads\/2023\/07\/Diseno-sin-titulo-57-768x768.png 768w, https:\/\/iespecialidades.com\/demo\/wp-content\/uploads\/2023\/07\/Diseno-sin-titulo-57-300x300.png 300w, https:\/\/iespecialidades.com\/demo\/wp-content\/uploads\/2023\/07\/Diseno-sin-titulo-57-1024x1024.png 1024w, https:\/\/iespecialidades.com\/demo\/wp-content\/uploads\/2023\/07\/Diseno-sin-titulo-57-150x150.png 150w, https:\/\/iespecialidades.com\/demo\/wp-content\/uploads\/2023\/07\/Diseno-sin-titulo-57.png 1080w\" sizes=\"(max-width: 768px) 100vw, 768px\" \/>\t\t\t\t\t\t\t\t\t\t\t\t\t\t\t<\/div>\n\t\t\t\t<\/div>\n\t\t\t\t\t<\/div>\n\t\t\t\t<\/div>\n\t\t<div class=\"elementor-element elementor-element-ef08fcf e-flex e-con-boxed e-con e-parent\" data-id=\"ef08fcf\" data-element_type=\"container\" data-e-type=\"container\">\n\t\t\t\t\t<div class=\"e-con-inner\">\n\t\t<div class=\"elementor-element elementor-element-51eff85 e-con-full e-flex e-con e-child\" data-id=\"51eff85\" data-element_type=\"container\" data-e-type=\"container\">\n\t\t\t\t<div class=\"elementor-element elementor-element-e9b0830 elementor-widget elementor-widget-image\" data-id=\"e9b0830\" data-element_type=\"widget\" data-e-type=\"widget\" data-widget_type=\"image.default\">\n\t\t\t\t\t\t\t\t\t\t\t\t\t\t\t<img decoding=\"async\" width=\"724\" height=\"1024\" src=\"https:\/\/iespecialidades.com\/demo\/wp-content\/uploads\/2025\/03\/INFORME-BIC-2024-Portada-724x1024.jpg\" class=\"attachment-large size-large wp-image-3512\" alt=\"\" srcset=\"https:\/\/iespecialidades.com\/demo\/wp-content\/uploads\/2025\/03\/INFORME-BIC-2024-Portada-724x1024.jpg 724w, https:\/\/iespecialidades.com\/demo\/wp-content\/uploads\/2025\/03\/INFORME-BIC-2024-Portada-212x300.jpg 212w, https:\/\/iespecialidades.com\/demo\/wp-content\/uploads\/2025\/03\/INFORME-BIC-2024-Portada-768x1086.jpg 768w, https:\/\/iespecialidades.com\/demo\/wp-content\/uploads\/2025\/03\/INFORME-BIC-2024-Portada-1086x1536.jpg 1086w, https:\/\/iespecialidades.com\/demo\/wp-content\/uploads\/2025\/03\/INFORME-BIC-2024-Portada.jpg 1414w\" sizes=\"(max-width: 724px) 100vw, 724px\" \/>\t\t\t\t\t\t\t\t\t\t\t\t\t\t\t<\/div>\n\t\t\t\t<\/div>\n\t\t<div class=\"elementor-element elementor-element-e4d9b1a e-con-full e-flex e-con e-child\" data-id=\"e4d9b1a\" data-element_type=\"container\" data-e-type=\"container\">\n\t\t<div class=\"elementor-element elementor-element-2d3a1a7 e-con-full e-flex e-con e-child\" data-id=\"2d3a1a7\" data-element_type=\"container\" data-e-type=\"container\">\n\t\t\t\t<div class=\"elementor-element elementor-element-08bd2b6 elementor-widget elementor-widget-heading\" data-id=\"08bd2b6\" data-element_type=\"widget\" data-e-type=\"widget\" data-widget_type=\"heading.default\">\n\t\t\t\t\t<h2 class=\"elementor-heading-title elementor-size-default\">Compromiso con la innovaci\u00f3n\ny el impacto positivo: \n\nInforme de Empresas BIC 2024<\/h2>\t\t\t\t<\/div>\n\t\t\t\t<\/div>\n\t\t<div class=\"elementor-element elementor-element-1ff3983 e-con-full e-flex e-con e-child\" data-id=\"1ff3983\" data-element_type=\"container\" data-e-type=\"container\">\n\t\t\t\t<div class=\"elementor-element elementor-element-9d0bd5e elementor-widget elementor-widget-text-editor\" data-id=\"9d0bd5e\" data-element_type=\"widget\" data-e-type=\"widget\" data-widget_type=\"text-editor.default\">\n\t\t\t\t\t\t\t\t\t<p data-sourcepos=\"9:1-9:54\">Nos complace compartir nuestro Informe de Empresas BIC 2024, donde destacamos nuestro compromiso con la innovaci\u00f3n y el impacto positivo en el marco de nuestra condici\u00f3n de Sociedad de Beneficio e Inter\u00e9s Colectivo (BIC).<\/p><p data-sourcepos=\"11:1-11:146\">En este informe, presentamos los avances realizados en los cinco pilares del modelo BIC: <strong>Dimensi\u00f3n modelo de negocio, dimensi\u00f3n gobierno corporativo, dimensi\u00f3n pr\u00e1cticas laborales, dimensi\u00f3n pr\u00e1cticas ambientales, dimensi\u00f3n pr\u00e1cticas con la comunidad.<br \/><\/strong><\/p><p data-sourcepos=\"13:1-13:53\"><strong>A continuaci\u00f3n, algunos de los logros destacados:<\/strong><\/p><ul data-sourcepos=\"15:1-20:0\"><li data-sourcepos=\"16:1-16:94\"><strong>Promoci\u00f3n en la equidad de generos<br \/><\/strong><\/li><li data-sourcepos=\"17:1-17:84\"><strong><span class=\"OYPEnA text-decoration-none text-strikethrough-none\">Planes de salud con cobertura del 100% y una acogida del 90.5% por parte de nuestros colaboradores<\/span><\/strong><\/li><li data-sourcepos=\"18:1-18:98\"><strong>Fortalecimiento de las relaciones con nuestros proveedores, fomentando pr\u00e1cticas sostenibles y reforzando pr\u00e1cticas de comercio justo.<br \/><\/strong><\/li><li data-sourcepos=\"19:1-20:0\"><strong>Obtenci\u00f3n de la certificaci\u00f3n ISO 14001:2015<\/strong>, que reconoce nuestro compromiso con la sostenibilidad.<\/li><\/ul><p><strong>Estamos orgullosos de ser una empresa BIC y de contribuir a un futuro m\u00e1s sostenible e inclusivo.<\/strong><\/p><p data-sourcepos=\"23:1-23:57\"><strong>Lea el informe completo aqu\u00ed:<\/strong> <a href=\"https:\/\/iespecialidades.com\/demo\/wp-content\/uploads\/2025\/03\/INFORME-BIC-2024.pdf\" target=\"_blank\" rel=\"noopener\">[<strong>Enlace al informe<\/strong>]<\/a><\/p><p data-sourcepos=\"25:1-25:60\"><strong>Juntos, podemos generar un impacto positivo en el mundo.<\/strong><\/p>\t\t\t\t\t\t\t\t<\/div>\n\t\t\t\t<\/div>\n\t\t\t\t<\/div>\n\t\t\t\t\t<\/div>\n\t\t\t\t<\/div>\n\t\t\t\t<\/div>\n\t\t","protected":false},"excerpt":{"rendered":"<p>\u00a1Ahora somos una empresa BIC! Nos unimos a la nueva generaci\u00f3n en empresas con prop\u00f3sito Las Empresas BIC son aquellas que han sido reconocidas por el gobierno y cumplen con los criterios establecidos para acceder a incentivos tributarios, con el objetivo de fomentar la inversi\u00f3n, el crecimiento y el fortalecimiento de sectores clave para el [&hellip;]<\/p>\n","protected":false},"author":1,"featured_media":0,"parent":0,"menu_order":0,"comment_status":"closed","ping_status":"closed","template":"elementor_header_footer","meta":{"footnotes":""},"class_list":["post-2721","page","type-page","status-publish","hentry"],"_links":{"self":[{"href":"https:\/\/iespecialidades.com\/demo\/wp-json\/wp\/v2\/pages\/2721","targetHints":{"allow":["GET"]}}],"collection":[{"href":"https:\/\/iespecialidades.com\/demo\/wp-json\/wp\/v2\/pages"}],"about":[{"href":"https:\/\/iespecialidades.com\/demo\/wp-json\/wp\/v2\/types\/page"}],"author":[{"embeddable":true,"href":"https:\/\/iespecialidades.com\/demo\/wp-json\/wp\/v2\/users\/1"}],"replies":[{"embeddable":true,"href":"https:\/\/iespecialidades.com\/demo\/wp-json\/wp\/v2\/comments?post=2721"}],"version-history":[{"count":26,"href":"https:\/\/iespecialidades.com\/demo\/wp-json\/wp\/v2\/pages\/2721\/revisions"}],"predecessor-version":[{"id":3515,"href":"https:\/\/iespecialidades.com\/demo\/wp-json\/wp\/v2\/pages\/2721\/revisions\/3515"}],"wp:attachment":[{"href":"https:\/\/iespecialidades.com\/demo\/wp-json\/wp\/v2\/media?parent=2721"}],"curies":[{"name":"wp","href":"https:\/\/api.w.org\/{rel}","templated":true}]}}